on factor of 208 and 4064352.
16
What is the highest common divisor of 22442047 and 3854?
41
Calculate the highest common divisor of 416598336 and 18480.
3696
What is the highest common divisor of 2124 and 35021988?
36
What is the greatest common divisor of 10089847 and 368437?
4439
Calculate the greatest common factor of 6111189 and 28.
7
What is the highest common factor of 32219 and 4858403?
1111
What is the highest common factor of 1440 and 30481840?
80
What is the highest common divisor of 18 and 12847734?
18
What is the greatest common factor of 1539996 and 4488?
204
Calculate the greatest common factor of 457023 and 115057872.
9327
What is the highest common factor of 60533 and 1793?
11
Calculate the greatest common divisor of 869 and 2010043057.
869
What is the greatest common divisor of 473079 and 2781?
309
Calculate the greatest common divisor of 1149724125 and 891.
891
What is the greatest common factor of 41005844 and 346?
346
What is the highest common factor of 278304 and 650?
26
Calculate the greatest common divisor of 334313 and 374161.
293
Calculate the greatest common divisor of 200 and 13402525.
25
Calculate the highest common factor of 370993801 and 22604.
5651
Calculate the greatest common factor of 3590949 and 34350.
687
What is the highest common factor of 576 and 20236480?
64
What is the highest common divisor of 2402 and 8569135?
1201
What is the greatest common divisor of 822199 and 5621?
511
What is the highest common factor of 4304 and 51761518?
538
What is the highest common divisor of 19632 and 24142452?
4908
What is the highest common factor of 15684940 and 2900?
580
Calculate the highest common factor of 155135376 and 18648.
2664
Calculate the greatest common divisor of 2004488 and 15480.
344
Calculate the highest common factor of 31926564 and 450060.
6924
What is the highest common factor of 193650 and 938100?
150
What is the greatest common divisor of 306117 and 230181?
2373
Calculate the highest common divisor of 2049 and 106152543.
2049
What is the greatest common divisor of 2665696 and 18656?
352
What is the highest common factor of 162560 and 2607310?
1270
Calculate the greatest common divisor of 2212 and 55216.
28
Calculate the greatest common divisor of 2949 and 2865363411.
2949
What is the greatest common divisor of 1054651 and 18941?
403
What is the greatest common divisor of 6140600 and 1800?
200
Calculate the highest common divisor of 1513104 and 984.
24
What is the highest common divisor of 2623 and 351181?
43
What is the greatest common factor of 12897 and 1308009441?
4299
Calculate the greatest common factor of 8789611 and 8.
1
What is the greatest common factor of 87123 and 4318521?
339
Calculate the greatest common factor of 720018 and 25521.
543
What is the greatest common divisor of 4178922 and 15?
3
Calculate the highest common factor of 87130 and 3910.
10
Calculate the highest common factor of 138212702 and 122.
122
What is the highest common divisor of 6468 and 115548?
12
Calculate the greatest common divisor of 52995 and 54075.
15
Calculate the highest common factor of 974 and 341399662.
974
Calculate the highest common factor of 11592 and 2976552.
72
What is the highest common divisor of 638340 and 1200?
60
What is the greatest common factor of 1424 and 2821389?
89
Calculate the greatest common divisor of 128 and 549642176.
64
Calculate the greatest common factor of 325 and 3871425.
25
What is the greatest common divisor of 10 and 232470685?
5
Calculate the greatest common divisor of 802 and 90182093.
401
What is the greatest common divisor of 614970 and 10890?
90
Calculate the highest common factor of 17 and 905639776.
17
What is the highest common divisor of 3953512 and 928?
232
Calculate the highest common divisor of 126 and 6718761.
63
Calculate the greatest common factor of 1414802 and 38787.
1847
What is the highest common factor of 8973 and 1553544?
9
What is the greatest common factor of 28896 and 634551?
129
What is the highest common factor of 209964 and 35256?
12
What is the greatest common factor of 8175512 and 12?
4
Calculate the greatest common factor of 683142 and 23739.
123
What is the highest common divisor of 7396 and 100707634?
3698
What is the highest common divisor of 2943540 and 2565?
135
Calculate the highest common factor of 494246025 and 2457.
819
What is the greatest common factor of 363 and 9329947?
121
What is the highest common factor of 6721462 and 88?
22
What is the greatest common divisor of 486 and 14628357?
243
Calculate the highest common divisor of 3650 and 263661400.
3650
Calculate the greatest common factor of 9247 and 1002.
1
Calculate the highest common factor of 30275245 and 897.
299
What is the highest common divisor of 2469 and 3042631?
823
What is the highest common divisor of 487214 and 574?
14
Calculate the greatest common divisor of 1 and 4424969.
1
Calculate the greatest common factor of 1071 and 85331652.
21
Calculate the highest common factor of 11172 and 570703.
931
What is the highest common divisor of 252 and 9683919?
63
What is the highest common factor of 269425 and 85?
5
What is the greatest common factor of 132272 and 47376?
112
What is the highest common factor of 11577 and 520353?
51
What is the highest common divisor of 22590639 and 171?
171
Calculate the highest common divisor of 1393952 and 1120.
224
What is the greatest common factor of 116127 and 1101573?
297
What is the greatest common divisor of 3164 and 3726401?
791
Calculate the highest common factor of 22326237 and 477.
9
Calculate the greatest common factor of 13095 and 5775865.
485
Calculate the greatest common factor of 1360 and 237893840.
80
Calculate the highest common divisor of 22230 and 253079905.
1235
Calculate the greatest common factor of 444 and 2736372.
444
Calculate the greatest common divisor of 815654200 and 4432.
2216
Calculate the greatest common factor of 489396 and 4794.
102
Calculate the highest common divisor of 204768 and 32292.
108
Calculate the highest common divisor of 25562801 and 477.
53
Calculate the highest common factor of 1580 and 152062676.
316
What is the highest common factor of 1850655887 and 527?
527
What is the highest common factor of 1236 and 73323228?
1236
Calculate the greatest common divisor of 2245416 and 312.
24
What is the highest common factor of 1855487 and 749?
107
Calculate the highest common factor of 270132 and 348.
12
Calculate the highest common divisor of 3716 and 721362926.
1858
What is the greatest common divisor of 3227037 and 220?
11
What is the greatest common factor of 2595 and 35242695?
2595
Calculate the highest common divisor of 4161035 and 2345.
335
What is the greatest common factor of 43496574 and 132?
66
Calculate the highest common factor of 1141432 and 1464.
488
What is the highest common divisor of 103771661 and 186541?
10973
What is the greatest common factor of 154539 and 61303?
11
What is the highest common factor of 2709 and 503874?
2709
Calculate the greatest common factor of 393088 and 367040.
2368
Calculate the greatest common factor of 11902617 and 7839.
603
What is the greatest common divisor of 109405722 and 6?
6
What is the highest common factor of 458923 and 501813?
4289
Calculate the greatest common divisor of 162 and 5802057.
27
What is the highest common divisor of 3352687 and 1?
1
Calculate the highest common divisor of 632804 and 33.
1
What is the highest common divisor of 32285908 and 2712?
452
Calculate the greatest common factor of 467969 and 1075.
43
What is the greatest common factor of 1301634 and 5322?
6
Calculate the greatest common divisor of 2262169 and 455.
91
Calculate the greatest common factor of 978138 and 85554.
882
What is the greatest common divisor of 1275971 and 44689?
667
What is the highest common divisor of 1360647 and 84911?
2071
What is the greatest common divisor of 54094 and 11254?
34
What is the greatest common factor of 80910051 and 3435?
687
Calculate the highest common divisor of 3895904 and 4220.
844
What is the greatest common factor of 34 and 6255472?
2
Calculate the highest common divisor of 18335 and 128.
1
Calculate the highest common factor of 634586 and 21358.
362
Calculate the highest common factor of 513330852 and 852.
852
Calculate the gr